 highest common factor of 101514 and 10122.
42
What is the highest common divisor of 46292 and 344492?
284
What is the greatest common factor of 602286 and 4662?
222
Calculate the highest common divisor of 3074 and 8122250.
106
What is the highest common factor of 53584 and 44761?
17
Calculate the greatest common divisor of 7004592 and 2352.
336
Calculate the greatest common factor of 25942668 and 410.
82
Calculate the greatest common divisor of 1592014230 and 30.
30
What is the highest common factor of 14310 and 3147876?
54
Calculate the highest common factor of 858 and 178438.
26
What is the greatest common factor of 4626 and 24849?
9
What is the greatest common factor of 91949 and 5819?
11
Calculate the greatest common factor of 853145 and 16915.
85
Calculate the highest common divisor of 1042884 and 426924.
2124
What is the highest common divisor of 462900 and 2916?
12
Calculate the highest common factor of 10449314 and 69.
23
Calculate the greatest common divisor of 225024 and 176.
16
Calculate the highest common factor of 33436 and 158548.
52
Calculate the highest common factor of 9 and 161408808.
9
What is the greatest common factor of 8711370 and 2034?
18
Calculate the highest common factor of 15466132 and 4048.
44
Calculate the highest common factor of 1111 and 2721041.
101
Calculate the highest common divisor of 7081 and 876298.
97
What is the greatest common divisor of 2132042 and 374?
22
What is the greatest common factor of 743416 and 72?
8
Calculate the highest common divisor of 10 and 19275090.
10
Calculate the highest common divisor of 1170474 and 7845.
1569
What is the greatest common divisor of 12127 and 131722?
67
Calculate the greatest common divisor of 398832 and 10448.
16
What is the greatest common divisor of 43422 and 624?
6
Calculate the greatest common factor of 19476912 and 4186.
182
Calculate the greatest common divisor of 608 and 433808.
304
Calculate the greatest common divisor of 894813 and 619617.
213
Calculate the highest common factor of 33866708 and 708.
236
What is the greatest common factor of 12810 and 433890?
30
Calculate the highest common divisor of 207249016 and 104.
104
What is the highest common factor of 410 and 204851375?
205
What is the highest common divisor of 16710 and 12622734?
3342
Calculate the greatest common divisor of 1235619 and 1309.
77
What is the greatest common factor of 207383 and 8976?
187
What is the highest common factor of 6214418 and 2618?
238
What is the highest common divisor of 505213118 and 174?
58
Calculate the greatest common factor of 40533241 and 1554.
259
What is the highest common factor of 4695 and 43566470?
1565
What is the highest common factor of 770 and 16494016?
154
What is the highest common factor of 2940 and 2064468?
588
Calculate the greatest common divisor of 445 and 35580331.
89
What is the highest common factor of 1428 and 310612134?
714
What is the greatest common divisor of 19 and 12945479?
19
What is the greatest common factor of 216800 and 132800?
800
What is the greatest common factor of 12735 and 19031715?
45
What is the highest common factor of 1108785 and 170805?
2895
What is the greatest common factor of 217194 and 114745?
53
What is the greatest common factor of 584650950 and 636?
318
What is the highest common divisor of 100 and 6475660?
20
Calculate the greatest common divisor of 254628 and 51876.
396
Calculate the highest common divisor of 22503052 and 22.
22
What is the greatest common divisor of 225504 and 44312?
232
What is the highest common divisor of 9895694 and 2?
2
What is the greatest common divisor of 3600 and 4953492?
36
Calculate the highest common factor of 54 and 7302150.
54
What is the greatest common factor of 89793360 and 216?
216
What is the greatest common divisor of 2198889 and 2622?
57
Calculate the greatest common divisor of 539628 and 9968064.
2316
Calculate the highest common factor of 297384167 and 3646.
1823
What is the greatest common divisor of 109848694 and 116?
58
Calculate the greatest common divisor of 307528661 and 57.
19
Calculate the greatest common factor of 47988 and 92999411.
1333
What is the greatest common divisor of 2052 and 5780?
4
What is the highest common divisor of 407772 and 20022?
282
What is the highest common divisor of 16912286 and 1146?
382
Calculate the greatest common divisor of 2198 and 58658026.
2198
What is the highest common divisor of 99 and 21162702?
33
What is the greatest common factor of 11763246 and 891?
33
Calculate the greatest common factor of 90 and 47932780.
10
Calculate the highest common divisor of 114 and 18206617.
19
Calculate the greatest common factor of 210176 and 4520426.
1642
What is the highest common factor of 309459 and 207843?
87
What is the greatest common divisor of 1057 and 634193?
7
Calculate the greatest common divisor of 58 and 206555777.
29
Calculate the greatest common factor of 70408 and 1677.
13
What is the greatest common factor of 181274 and 35?
1
What is the greatest common divisor of 5543 and 883752?
23
Calculate the greatest common factor of 2060 and 39837928.
412
What is the greatest common divisor of 8266359 and 12605?
2521
What is the highest common divisor of 657 and 291982407?
219
What is the highest common divisor of 9891 and 21338289?
63
What is the greatest common factor of 64642070 and 10?
10
What is the greatest common factor of 1764 and 163381932?
252
What is the greatest common divisor of 23549890 and 455?
455
Calculate the highest common divisor of 15814346 and 38.
38
What is the highest common divisor of 7353 and 44213076?
171
Calculate the highest common factor of 408705746 and 654.
218
What is the highest common factor of 16408 and 628600?
56
What is the highest common divisor of 11067793 and 11?
11
What is the greatest common factor of 54132620 and 60?
20
What is the greatest common factor of 729 and 3510729?
27
What is the highest common factor of 1024397805 and 2507?
2507
What is the greatest common divisor of 6981375 and 375?
375
What is the greatest common factor of 1 and 1433244?
1
What is the greatest common factor of 14911 and 6008730?
403
Calculate the greatest common factor of 1449837 and 9.
9
What is the greatest common divisor of 1053 and 78417?
9
What is the greatest common divisor of 4750 and 14804750?
250
What is the greatest common factor of 1551 and 380089?
47
Calculate the highest common divisor of 83088 and 25104.
48
What is the greatest common factor of 149753344 and 14976?
1664
Calculate the greatest common factor of 1581 and 15643451.
17
What is the greatest common divisor of 19345847 and 255?
17
Calculate the highest common factor of 96 and 140207064.
24
What is the highest common factor of 71817 and 6865317?
1941
What is the highest common factor of 333843 and 88151?
257
What is the highest common factor of 204 and 12804009?
51
Calculate the greatest common divisor of 315 and 9705885.
105
Calculate the greatest common factor of 16 and 258607984.
16
What is the highest common divisor of 542333 and 62040?
517
What is the greatest common divisor of 50 and 4234378?
2
Calculate the greatest common divisor of 270957502 and 226.
226
Calculate the greatest common divisor of 528218 and 2.
2
What is the highest common factor of 4278 and 318918?
138
What is the highest common factor of 56 and 1110152?
8
What is the greatest common divisor of 2211383456 and 5872?
5872
Calculate the greatest common divisor of 100848 and 383487126.
12606
What is the greatest common divisor of 1147832 and 17304?
5768
What is the greatest common divisor of 291070 and 92118?
26
Calculate the greatest common divisor of 15343 and 571584.
229
What is the highest common factor of 7155971 and 4?
1
Calculate the highest common factor of 178923 and 1533.
219
What is the greatest common divisor of 36 and 76230492?
12
Calculate the highest common divisor of 420152 and 2772641.
1811
Calculate the greatest common divisor of 24 and 337676640.
24
Calculate the highest common factor of 451 and 14158969.
11
Calculate the highest common divisor of 1100 and 85780.
20
Calculate the highest common divisor of 583393 and 7076.
29
What is the greatest common divisor of 435789 and 194463?
369
Calculate the highest common divisor of 4270688 and 2176.
32
Calcul